ds digit of 388?
3
What is the units digit of 51407?
7
What is the tens digit of 19292?
9
What is the units digit of 928?
8
What is the hundreds digit of 1462?
4
What is the tens digit of 60822?
2
What is the thousands digit of 8380?
8
What is the hundreds digit of 599?
5
What is the thousands digit of 5000?
5
What is the hundreds digit of 4424?
4
What is the units digit of 3995?
5
What is the units digit of 12613?
3
What is the units digit of 664?
4
What is the units digit of 771?
1
What is the units digit of 426?
6
What is the tens digit of 19141?
4
What is the tens digit of 796?
9
What is the ten thousands digit of 16791?
1
What is the thousands digit of 9395?
9
What is the units digit of 99721?
1
What is the units digit of 2694?
4
What is the hundreds digit of 11405?
4
What is the ten thousands digit of 142539?
4
What is the units digit of 18186?
6
What is the hundreds digit of 462?
4
What is the tens digit of 356?
5
What is the units digit of 4690?
0
What is the tens digit of 116101?
0
What is the units digit of 2037?
7
What is the units digit of 37589?
9
What is the units digit of 7972?
2
What is the thousands digit of 12067?
2
What is the tens digit of 6007?
0
What is the tens digit of 524?
2
What is the tens digit of 88?
8
What is the hundreds digit of 133?
1
What is the units digit of 323?
3
What is the hundreds digit of 9247?
2
What is the units digit of 2109?
9
What is the tens digit of 48180?
8
What is the hundreds digit of 4811?
8
What is the hundreds digit of 1219?
2
What is the thousands digit of 1682?
1
What is the units digit of 570?
0
What is the hundreds digit of 14115?
1
What is the tens digit of 5165?
6
What is the units digit of 453?
3
What is the thousands digit of 6935?
6
What is the units digit of 663?
3
What is the hundreds digit of 481?
4
What is the tens digit of 1717?
1
What is the hundreds digit of 115266?
2
What is the hundreds digit of 892?
8
What is the units digit of 1900?
0
What is the tens digit of 19781?
8
What is the hundreds digit of 1079?
0
What is the tens digit of 294?
9
What is the tens digit of 11888?
8
What is the thousands digit of 3664?
3
What is the hundreds digit of 1679?
6
What is the tens digit of 9276?
7
What is the tens digit of 536?
3
What is the units digit of 14290?
0
What is the hundreds digit of 6639?
6
What is the hundreds digit of 634?
6
What is the tens digit of 106977?
7
What is the hundreds digit of 4780?
7
What is the hundreds digit of 409?
4
What is the units digit of 11348?
8
What is the hundreds digit of 5176?
1
What is the units digit of 3097?
7
What is the thousands digit of 18784?
8
What is the thousands digit of 2297?
2
What is the thousands digit of 3494?
3
What is the ten thousands digit of 12390?
1
What is the tens digit of 349?
4
What is the units digit of 63964?
4
What is the hundreds digit of 334?
3
What is the thousands digit of 4197?
4
What is the units digit of 738?
8
What is the ten thousands digit of 61751?
6
What is the units digit of 2544?
4
What is the hundreds digit of 41555?
5
What is the tens digit of 833?
3
What is the hundreds digit of 164?
1
What is the ten thousands digit of 32122?
3
What is the thousands digit of 16785?
6
What is the hundreds digit of 885?
8
What is the tens digit of 100?
0
What is the tens digit of 2749?
4
What is the ten thousands digit of 17197?
1
What is the hundreds digit of 297?
2
What is the tens digit of 13490?
9
What is the tens digit of 11067?
6
What is the units digit of 2412?
2
What is the thousands digit of 6191?
6
What is the tens digit of 450?
5
What is the units digit of 330?
0
What is the units digit of 12177?
7
What is the hundreds digit of 3894?
8
What is the thousands digit of 1998?
1
What is the hundreds digit of 222?
2
What is the units digit of 1098?
8
What is the thousands digit of 9357?
9
What is the tens digit of 297?
9
What is the thousands digit of 3756?
3
What is the tens digit of 2270?
7
What is the units digit of 43079?
9
What is the hundreds digit of 774?
7
What is the thousands digit of 6083?
6
What is the hundreds digit of 1314?
3
What is the thousands digit of 16666?
6
What is the units digit of 1676?
6
What is the tens digit of 77859?
5
What is the tens digit of 49?
4
What is the ten thousands digit of 14090?
1
What is the thousands digit of 12318?
2
What is the tens digit of 17?
1
What is the hundreds digit of 6258?
2
What is the units digit of 4043?
3
What is the hundreds digit of 12785?
7
What is the thousands digit of 3372?
3
What is the thousands digit of 3261?
3
What is the hundreds digit of 712?
7
What is the tens digit of 943?
4
What is the units digit of 5404?
4
What is the units digit of 793?
3
What is the hundreds digit of 7505?
5
What is the tens digit of 263?
6
What is the thousands digit of 25418?
5
What is the thousands digit of 20076?
0
What is the tens digit of 3018?
1
What is the units digit of 9813?
3
What is the tens digit of 495?
9
What is the thousands digit of 2904?
2
What is the thousands digit of 2425?
2
What is the tens digit of 70829?
2
What is the tens digit of 3832?
3
What is the tens digit of 34000?
0
What is the units digit of 1823?
3
What is the tens digit of 4618?
1
What is the tens digit of 121?
2
What is the units digit of 445?
5
What is the tens digit of 2346?
4
What is the tens digit of 7505?
0
What is the tens digit of 57458?
5
What is the tens digit of 1348?
4
What is the thousands digit of 25591?
5
What is the thousands digit of 1639?
1
What is the hundreds digit of 1142?
1
What is the tens digit of 1330?
3
What is the hundreds digit of 2429?
4
What is the tens digit of 7038?
3
What is the units digit of 1014?
4
What is the units digit of 45605?
5
What is the thousands digit of 4443?
4
What is the thousands digit of 71477?
1
What is the tens digit of 15362?
6
What is the units digit of 1542?
2
What is the ten thousands digit of 11634?
1
What is the thousands digit of 1543?
1
What is the ten thousands digit of 85221?
8
What is the tens digit of 1181?
8
What is the tens digit of 6784?
8
What is the tens digit of 2477?
7
What is the tens digit of 520?
2
What is the hundreds digit of 19913?
9
What is the units digit of 1589?
9
What is the thousands digit of 13230?
3
What is the ten thousands digit of 11804?
1
What is the tens digit of 5643?
4
What is the thousands digit of 5062?
5
What is the ten thousands digit of 25670?
2
What is the tens digit of 204?
0
What is the hundreds digit of 969?
9
What is the tens digit of 8819?
1
What is the ten thousands digit of 15742?
1
What is the units digit of 77254?
4
What is the units digit of 70979?
9
What is the units digit of 1025?
5
What is the units digit of 16820?
0
What is the ten thousands digit of 181410?
8
What is the ten thousands digit of 21240?
2
What is the hundreds digit of 70827?
8
What is the units digit of 8217?
7
What is the tens digit of 48?
4
What is the hundreds digit of 1368?
3
What is the hundreds digit of 7717?
7
What is the tens digit of 66262?
6
What is the thousands digit of 5165?
5
What is the tens digit of 479?
7
What is the ten thousands digit of 14747?
1
What is the thousands digit of 2521?
2
What is the ten thousands digit of 127951?
2
What is the tens digit of 3449?
4
What is the thousands digit of 1373?
1
What is the ten thousands digit of 144087?
4
What is the thousands digit of 4397?
4
What is the thousands digit of 25057?
5
What is the tens digit of 1267?
6
What is the thousands digit of 1368?
1
What is the units digit of 1796?
6
What is the hundreds digit of 2626?
6
What is the thousands digit of 15294?
5
What is the units digit of 28782?
2
What is the hundreds digit of 1190?
1
What is the hundreds digit of 30829?
8
What is the hundreds digit of 2711?
7
What is the units digit of 606?
6
What is the tens digit of 406?
0
What is the units digit of 575?
5
What is the hundreds digit of 1182?
1
What is the units digit of 466?
6
What is the tens digit of 561?
6
What is the thousands digit of 7742?
7
What is the units digit of 665?
5
What is the tens digit of 8014?
1
What is the units digit of 243?
3
What is the units digit of 8032?
2
What is the units digit of 265?
5
What is the hundreds digit of 641?
6
What is the units digit of 729?
9
What is the units digit of 269?
9
What is the thousand